98881 even?
False
Is 296099360 a multiple of 1324?
True
Is 18 a factor of 33746900?
False
Is 21253597 a multiple of 211?
False
Is 3944 a factor of 112880037?
False
Does 562 divide 127447084?
False
Is 799 a factor of 12280863?
False
Does 4 divide 17252098?
False
Is 31 a factor of 4977552?
False
Does 3901 divide 867204003?
True
Does 25 divide 761510609?
False
Does 1453 divide 52092331?
False
Is 1864383345 a multiple of 1485?
True
Is 44 a factor of 9430388?
True
Is 365899163 a multiple of 2209?
False
Is 9 a factor of 103405815?
True
Is 4 a factor of 177623351?
False
Is 2695 a factor of 527759570?
False
Is 162 a factor of 95291640?
True
Is 60616 a multiple of 4?
True
Is 496447920 a multiple of 432?
True
Is 855 a factor of 11822940?
True
Is 790 a factor of 272654058?
False
Does 18 divide 23967148?
False
Is 2348116 a multiple of 92?
True
Is 68 a factor of 22081776?
True
Is 3278864 a multiple of 296?
False
Does 32 divide 213345904?
False
Does 926 divide 51964?
False
Does 137 divide 361206529?
False
Is 26545612 a multiple of 943?
False
Does 29 divide 3072381685?
False
Is 2357609342 a multiple of 449?
False
Does 489 divide 82416549?
True
Does 161 divide 1010280635?
True
Is 38 a factor of 194872618?
False
Is 1889 a factor of 12336793?
False
Does 425 divide 336206450?
True
Is 68293827 a multiple of 1359?
True
Is 60134967 a multiple of 17?
True
Does 666 divide 24624018?
True
Does 17 divide 32939147?
False
Is 122418884 a multiple of 802?
True
Does 104 divide 194088232?
True
Does 77 divide 67914616?
True
Does 18 divide 339195431?
False
Is 9 a factor of 2273389818?
False
Does 27 divide 210532041?
True
Is 4886934 a multiple of 3?
True
Is 27 a factor of 246480170?
False
Is 58896285 a multiple of 245?
True
Does 13 divide 149366734?
False
Is 19 a factor of 1168767273?
True
Does 4 divide 111320809?
False
Is 338290926 a multiple of 1627?
False
Is 25221420 a multiple of 1036?
True
Is 379390704 a multiple of 161?
True
Is 420 a factor of 27276480?
True
Is 15208241 a multiple of 1787?
False
Is 7712952 a multiple of 59?
True
Is 53244275 a multiple of 80?
False
Does 12 divide 258650202?
False
Does 110 divide 2589549?
False
Does 1198 divide 290170128?
False
Is 201194028 a multiple of 987?
True
Is 17 a factor of 61783117?
True
Does 282 divide 454446948?
True
Does 2513 divide 86856819?
True
Is 65651441 a multiple of 68?
False
Does 55 divide 7243115?
True
Is 739 a factor of 74913822?
False
Is 253 a factor of 123702763?
False
Is 12 a factor of 85797227?
False
Does 165 divide 283096110?
True
Is 1678660 a multiple of 10?
True
Does 508 divide 161123882?
False
Is 312949537 a multiple of 263?
False
Is 207729631 a multiple of 1880?
False
Is 18294148 a multiple of 58?
False
Is 353 a factor of 60589273?
True
Does 56 divide 27083990?
False
Is 941 a factor of 40734008?
True
Does 23 divide 258173557?
False
Is 110065626 a multiple of 2260?
False
Is 192993798 a multiple of 7703?
False
Is 654931551 a multiple of 633?
True
Is 18786723 a multiple of 96?
False
Is 29452780 a multiple of 23?
False
Is 9 a factor of 45680522?
False
Is 22 a factor of 13589891?
False
Does 896 divide 19090300?
False
Is 7 a factor of 2158375452?
False
Is 10344213 a multiple of 33?
True
Is 1363 a factor of 12844347?
False
Is 405 a factor of 120902267?
False
Is 4547 a factor of 3112964659?
False
Is 12 a factor of 144611424?
True
Is 12144762 a multiple of 266?
True
Is 462501759 a multiple of 50?
False
Is 263 a factor of 166189495?
False
Is 31792932 a multiple of 593?
False
Is 71 a factor of 42677035?
True
Is 2660 a factor of 116913176?
False
Does 3 divide 83775893?
False
Does 20 divide 828820360?
True
Is 138058264 a multiple of 3?
False
Does 186 divide 915390479?
False
Does 206 divide 200261625?
False
Does 572 divide 794929077?
False
Is 605 a factor of 226690308?
False
Does 2233 divide 180677712?
False
Does 7 divide 14315917?
True
Does 247 divide 10898381?
True
Is 29596737 a multiple of 97?
True
Does 873 divide 40573548?
True
Is 1432 a factor of 1557559?
False
Does 340 divide 2716600?
True
Is 248396562 a multiple of 123?
False
Does 317 divide 804546951?
True
Does 473 divide 60315541?
True
Is 59505644 a multiple of 2014?
True
Is 1743279195 a multiple of 301?
False
Is 15 a factor of 341757345?
True
Does 414 divide 42804702?
True
Is 1211401 a multiple of 265?
False
Is 18645632 a multiple of 247?
False
Does 10 divide 1092912584?
False
Is 1773573452 a multiple of 14?
True
Does 820 divide 128596004?
False
Is 750996587 a multiple of 40?
False
Is 8 a factor of 1717026968?
True
Is 13 a factor of 247879918?
True
Is 10 a factor of 45831820?
True
Does 17 divide 2917755322?
True
Is 10 a factor of 35837788?
False
Is 71510105 a multiple of 84?
False
Does 8 divide 57403408?
True
Is 210 a factor of 930851965?
False
Is 388682999 a multiple of 1283?
False
Is 411 a factor of 405123043?
False
Is 5799798 a multiple of 47?
False
Does 1299 divide 662310807?
False
Does 6380 divide 9812440?
True
Is 426 a factor of 19987394?
False
Is 19 a factor of 13773214?
True
Is 2559 a factor of 2414309022?
True
Does 831 divide 73119690?
True
Is 127941315 a multiple of 2427?
False
Does 257 divide 6426072?
False
Is 221831298 a multiple of 27?
True
Is 1290 a factor of 491176530?
True
Is 269773892 a multiple of 77?
False
Is 182 a factor of 897012988?
False
Does 6200 divide 791163400?
True
Does 306 divide 191994333?
False
Is 20155542 a multiple of 209?
True
Does 456 divide 1363281?
False
Does 177 divide 932052440?
False
Does 132 divide 2957251706?
False
Is 28285888 a multiple of 269?
True
Is 48 a factor of 1045195248?
True
Is 541 a factor of 433263637?
True
Is 1680446460 a multiple of 11990?
True
Is 3 a factor of 5059822?
False
Is 86 a factor of 68990404?
True
Does 149 divide 19046887?
False
Is 411619470 a multiple of 34?
True
Is 603 a factor of 487716048?
True
Is 10629994 a multiple of 14?
False
Is 357 a factor of 44757447?
True
Does 445 divide 1481342700?
True
Is 98370423 a multiple of 181?
True
Is 7 a factor of 274617165?
False
Is 2812360 a multiple of 4?
True
Is 143 a factor of 5299151?
True
Is 70 a factor of 10970680?
True
Is 3 a factor of 4905525?
True
Is 4067 a factor of 5387660642?
True
Is 5 a factor of 2148717755?
True
Is 35 a factor of 11544991?
False
Is 185 a factor of 843923110?
False
Does 4 divide 700262395?
False
Does 152 divide 30271408?
True
Is 13 a factor of 111655322?
False
Is 1105 a factor of 211336775?
True
Does 406 divide 85122772?
True
Is 120736591 a multiple of 308?
False
Is 587 a factor of 477572047?
True
Is 594 a factor of 41718996?
True
Is 720 a factor of 765033120?
True
Is 1177842394 a multiple of 480?
False
Is 54 a factor of 16286496?
False
Is 47460090 a multiple of 510?
True
Does 214 divide 257013388?
False
Is 205 a factor of 440528395?
True
Is 28544344 a multiple of 12?
False
Is 3 a factor of 262166284?
False
Is 130542406 a multiple of 94?
True
Is 18 a factor of 3448003572?
True
Does 15 divide 518056035?
True
Is 14 a factor of 319069548?
True
Is 23320959 a multiple of 17?
False
Is 659795629 a multiple of 10?
False
Is 11 a factor of 2012796412?
True
Does 13 divide 448612544?
False
Is 12 a factor of 553689660?
True
Does 42 divide 124653830?
False
Does 3551 divide 4804705728?
False
Does 51 divide 42142446?
False
Is 1531 a factor of 601536547?
False
Is 24579736 a multiple of 479?
False
Is 782502010 a multiple of 30?
False
Is 4201132 a multiple of 52?
True
Is 3493419278 a multiple of 89?
True
Does 18 divide 3461192907?
False
Does 1090 divide 23885564?
False
Is 52 a factor of 232359011?
False
Is 19375839 a multiple of 133?
True
Is 152935527 a multiple of 269?
False
Is 10 a factor of 5720035?
False
Is 3166119 a multiple of 70?
False
Is 2146506404 a multiple of 194?
True
Is 152341475 a multiple of 13?
True
Does 109 divide 93273807?
True
Is 8 a factor of 42086556?
False
Is 259 a factor of 1630305624?
False
Is 342 a factor of 7846848?
True
Is 44860128 a multiple of 152?
False
Is 26346194 a multiple of 742?
True
Is 20855154 a multiple of 293?
True
Is 55039196 a multiple of 5261?
False
Is 3491050279 a multiple of 65?
False
Is 3497845204 a multiple of 4096?
False
Does 331 divide 1536530682?
False
Is 1219 a factor of 795826588?
True
Is 70 a factor of 629185?
False
Is 1228783050 a multiple of 7590?
True
Does 6 divide 506729520?
True
Is 809975